9311130?
True
Does 513 divide 8440389?
True
Is 1812305873 a multiple of 3230?
False
Is 437 a factor of 3287808830?
True
Is 2106642165 a multiple of 15?
True
Is 37 a factor of 1980885340?
False
Is 5 a factor of 429199685?
True
Is 365559168 a multiple of 2064?
True
Is 117728576 a multiple of 14?
True
Does 11485 divide 2741412075?
True
Is 103946832 a multiple of 1437?
True
Does 130 divide 32660514?
False
Does 137 divide 1071539061?
True
Is 18 a factor of 3193829?
False
Is 14794938 a multiple of 18?
True
Is 9264915 a multiple of 4?
False
Is 72940825 a multiple of 10?
False
Is 21 a factor of 59846608?
False
Does 14 divide 107427194?
True
Is 38 a factor of 5596336?
True
Does 526 divide 160187?
False
Does 29 divide 321586394?
True
Does 222 divide 25367335?
False
Does 2477 divide 17624947?
False
Is 49813500 a multiple of 750?
True
Is 11 a factor of 1765099?
False
Does 64 divide 878024002?
False
Is 26 a factor of 7741319?
False
Is 10 a factor of 1113544870?
True
Is 155423736 a multiple of 7?
False
Is 46114197 a multiple of 2636?
False
Is 39787352 a multiple of 22?
True
Is 520 a factor of 212903?
False
Is 415297191 a multiple of 39?
False
Does 11 divide 2186310909?
False
Is 35578608 a multiple of 444?
True
Does 16 divide 445253744?
True
Is 113531305 a multiple of 7678?
False
Is 160321800 a multiple of 40?
True
Does 3745 divide 191401338?
False
Is 169603135 a multiple of 221?
True
Is 40400800 a multiple of 1041?
False
Does 7 divide 134171730?
True
Is 3147 a factor of 245519644?
False
Is 16 a factor of 297808198?
False
Is 966584 a multiple of 6?
False
Is 15 a factor of 73183440?
True
Does 4 divide 10027023?
False
Does 28 divide 33284104?
True
Does 16 divide 13898188?
False
Is 6991 a factor of 1815225717?
False
Is 2341 a factor of 93930284?
True
Is 5 a factor of 13966880?
True
Is 142 a factor of 236262184?
False
Is 633 a factor of 471741984?
True
Does 377 divide 1508566997?
False
Does 21 divide 57205869?
True
Does 30 divide 9376080?
True
Is 289 a factor of 322103155?
False
Does 70 divide 18380810?
True
Is 1822 a factor of 1243505505?
False
Is 4209 a factor of 556758102?
True
Is 456 a factor of 6546336?
True
Is 924668131 a multiple of 9?
False
Is 91 a factor of 18597761?
True
Is 741 a factor of 54507650?
False
Is 12 a factor of 606775187?
False
Does 35 divide 23641417?
False
Is 727762086 a multiple of 487?
True
Does 11 divide 20043815?
True
Is 730968465 a multiple of 759?
False
Does 70 divide 113097748?
False
Does 6 divide 363304602?
True
Is 68 a factor of 82122444?
True
Is 181241166 a multiple of 11?
False
Is 39 a factor of 139138786?
False
Is 3373296 a multiple of 8?
True
Is 6 a factor of 23971355?
False
Is 9276 a factor of 884364564?
True
Does 3783 divide 2338588203?
False
Does 88 divide 58663074?
False
Is 143 a factor of 1140937798?
True
Is 1054 a factor of 41126476?
False
Does 2 divide 627369?
False
Does 148 divide 42481920?
True
Is 176593018 a multiple of 31?
False
Is 1433248740 a multiple of 33?
True
Is 5 a factor of 6156175?
True
Is 157060079 a multiple of 407?
True
Does 111 divide 645061626?
True
Is 80403897 a multiple of 2371?
False
Does 16 divide 27070735?
False
Does 107 divide 80176804?
False
Is 46 a factor of 4578349?
False
Is 2224562593 a multiple of 5893?
False
Is 37 a factor of 1134271073?
False
Is 84971091 a multiple of 193?
False
Is 90 a factor of 149851562?
False
Is 248 a factor of 66251464?
True
Does 224 divide 1056000512?
True
Is 14 a factor of 89070621?
False
Is 11735143 a multiple of 41?
True
Is 2 a factor of 8187392?
True
Is 8539 a factor of 227318935?
False
Is 14 a factor of 858518136?
True
Is 456 a factor of 1025089295?
False
Is 24443055 a multiple of 15?
True
Does 218 divide 430417892?
True
Is 29 a factor of 1356517253?
True
Does 687 divide 17887889?
False
Is 49 a factor of 1190703924?
False
Does 2 divide 13708397?
False
Is 32 a factor of 461598651?
False
Is 1814000075 a multiple of 2815?
True
Does 7 divide 12558768?
False
Is 1250777 even?
False
Is 5865 a factor of 2557532955?
True
Is 477 a factor of 913071015?
True
Does 279 divide 658582290?
True
Does 46 divide 23155986?
True
Is 72478875 a multiple of 1952?
False
Does 87 divide 6561692?
False
Does 113 divide 175386604?
False
Is 95157722 a multiple of 7?
False
Is 61 a factor of 49272506?
True
Is 19 a factor of 60582089?
True
Does 819 divide 146193472?
False
Does 11 divide 724434743?
False
Does 8370 divide 2142895770?
True
Is 276 a factor of 2733143561?
False
Is 1453 a factor of 69440323?
True
Is 33 a factor of 4547928?
True
Does 20 divide 1595471428?
False
Is 118633767 a multiple of 21?
True
Is 396964183 a multiple of 6391?
True
Does 60 divide 35164440?
True
Is 245056007 a multiple of 23?
True
Is 952812606 a multiple of 13?
False
Does 10 divide 53180310?
True
Is 284 a factor of 2326348512?
True
Is 55 a factor of 592973304?
False
Is 116 a factor of 47725062?
False
Is 516772911 a multiple of 13?
False
Is 186 a factor of 1087327026?
False
Does 791 divide 135406651?
False
Does 107 divide 50662831?
False
Is 19 a factor of 1887184576?
True
Is 254 a factor of 36975356?
False
Does 273 divide 235905579?
True
Is 102 a factor of 353514662?
False
Does 115 divide 41351585?
True
Is 296 a factor of 108642225?
False
Is 19 a factor of 43816242?
True
Is 241279552 a multiple of 16?
True
Does 10 divide 834834350?
True
Does 16 divide 124647936?
True
Is 253 a factor of 283367590?
True
Does 54 divide 227195960?
False
Is 948332458 a multiple of 50?
False
Is 30 a factor of 88259490?
True
Is 413564591 a multiple of 97?
False
Is 124 a factor of 123040479?
False
Is 9 a factor of 367380753?
False
Is 2016065290 a multiple of 10?
True
Is 39597759 a multiple of 449?
True
Does 23 divide 481421096?
True
Is 2773167528 a multiple of 13?
False
Is 543 a factor of 110841504?
True
Is 70682468 a multiple of 422?
True
Is 13727546 a multiple of 49?
True
Does 34 divide 12726608?
True
Is 2 a factor of 101403076?
True
Does 1905 divide 12355830?
True
Does 683 divide 100713166?
False
Does 10 divide 136736440?
True
Is 5 a factor of 31564495?
True
Is 261 a factor of 7232049?
True
Does 623 divide 10310512?
False
Is 3166626033 a multiple of 909?
True
Is 28 a factor of 167978300?
True
Is 536 a factor of 284917354?
False
Is 46 a factor of 235717912?
False
Is 41729013 a multiple of 429?
False
Is 330599507 a multiple of 17?
False
Is 19 a factor of 85143150?
False
Is 113 a factor of 371544?
True
Is 9 a factor of 2879554348?
False
Does 92 divide 21589180?
True
Is 192451438 a multiple of 941?
True
Is 10263360 a multiple of 120?
True
Is 76 a factor of 152776049?
False
Is 10 a factor of 7922950?
True
Is 18 a factor of 752599894?
False
Is 11745056 a multiple of 8?
True
Is 3 a factor of 807273?
True
Is 4295 a factor of 23936035?
True
Is 235222608 a multiple of 48?
True
Is 128 a factor of 758575872?
True
Is 151681167 a multiple of 3663?
True
Does 18 divide 1912481172?
True
Is 115 a factor of 229980330?
False
Is 42 a factor of 406556940?
False
Does 4 divide 1763017500?
True
Is 116 a factor of 237543905?
False
Is 43336168 a multiple of 985?
False
Is 241360 a multiple of 16?
True
Is 133259931 a multiple of 175?
False
Is 21329388 a multiple of 405?
False
Is 1258 a factor of 40344060?
True
Is 4243960 a multiple of 230?
True
Is 45 a factor of 65056886?
False
Is 3195 a factor of 17227440?
True
Is 2431 a factor of 21934913?
True
Is 49364307 a multiple of 31?
True
Is 127 a factor of 43741848?
True
Does 72 divide 28046928?
False
Is 674 a factor of 1403363708?
True
Is 241 a factor of 1115470187?
True
Is 28365792 a multiple of 208?
True
Does 1162 divide 16140180?
True
Is 29567122 a multiple of 109?
True
Does 5901 divide 1717745694?
True
Is 16 a factor of 371915364?
False
Does 10 divide 95641300?
True
Is 141 a factor of 52437477?
True
Is 69704538 a multiple of 26?
False
Is 481646090 a multiple of 9?
False
Is 399 a factor of 400086069?
False
Does 483 divide 120826160?
False
Is 42948057 a multiple of 77?
False
Is 5572279680 a multiple of 704?
True
Is 55453694 a multiple of 5?
False
Is 178094842 a multiple of 306?
False
Does 34 divide 13168370?
True
Is 2676512 a multiple of 181?
False
Is 1822 a factor of 4287818177?
False
Is 63280656 a multiple of 963?
True
Is 534067295 a multiple of 546?
False
Does 136 divide 9638425?
False
Is 10 a factor of 218983640?
